145436330
In base 4, what is -212221130 + 2?
-212221122
In base 15, what is 245c - 696?
1cb6
In base 4, what is 3013 - 302101?
-233022
In base 8, what is -17621256 - 16?
-17621274
In base 5, what is -103334322332 - 4?
-103334322341
In base 15, what is 137 + 29cac?
29de4
In base 10, what is -4 + 4665089?
4665085
In base 2, what is 11001111100 - 110110011111000110?
-110110000101001010
In base 15, what is 2 + -28c982?
-28c980
In base 14, what is -281d5d2 - -9?
-281d5c7
In base 9, what is 3635445 + 255?
3635711
In base 14, what is -457b1 + 4c?
-45763
In base 10, what is -612550 + 665?
-611885
In base 11, what is -1094545 + -4?
-1094549
In base 5, what is 20 - 1130340130?
-1130340110
In base 12, what is 167 + -36590?
-36425
In base 9, what is 22368 + -17553?
3715
In base 4, what is -2130331 + 2222?
-2122103
In base 8, what is -722343 - 116?
-722461
In base 5, what is 3 - -1112000010?
1112000013
In base 14, what is -4 - 90bd0d8?
-90bd0dc
In base 8, what is -711640 - 1072?
-712732
In base 14, what is 332 + 2195b?
21c8d
In base 11, what is 2181 - 1322?
95a
In base 13, what is 76 - 1a507?
-1a461
In base 16, what is -686ef64 - -1?
-686ef63
In base 14, what is -3d2 - d3b?
-132d
In base 8, what is 32 + 12336747?
12337001
In base 16, what is 1464c6 - 53?
146473
In base 8, what is 15114376 + -44?
15114332
In base 12, what is 1 - 870144?
-870143
In base 11, what is 45976 + -400?
45576
In base 7, what is 30524000 - 52?
30523615
In base 8, what is 2 + 24761424?
24761426
In base 5, what is 311432202334 - 2?
311432202332
In base 8, what is -4707013 - -3?
-4707010
In base 3, what is 10 - -2112011010010?
2112011010020
In base 9, what is 3 - 10548462?
-10548458
In base 6, what is 3312022 + 431?
3312453
In base 11, what is 2182 + 5149?
7320
In base 16, what is 9dd56d - -2?
9dd56f
In base 10, what is 11010175 + 4?
11010179
In base 12, what is -612 + 15b88?
15576
In base 3, what is -1 + -2221012001102?
-2221012001110
In base 13, what is -2aa93 + 988?
-2a108
In base 5, what is 113234341 - -31?
113234422
In base 8, what is -507574 + 217?
-507355
In base 16, what is 24 + de30c5?
de30e9
In base 4, what is 311233 + -221022?
30211
In base 15, what is 28 - 4909b?
-49073
In base 9, what is -5286 - -33382?
27085
In base 7, what is 4252 - -2260513?
2265065
In base 6, what is -54110152 - -13?
-54110135
In base 5, what is -2 + 12202033020?
12202033013
In base 14, what is -465120 + 4a?
-4650b4
In base 4, what is -220013001012 - -101?
-220013000311
In base 8, what is 235442 - 3571?
231651
In base 2, what is -1111 - 1011100000101110010100?
-1011100000101110100011
In base 5, what is 31334013034 - -4?
31334013043
In base 15, what is 0 + -22eaca?
-22eaca
In base 5, what is -33330 + 3122204?
3033324
In base 8, what is -14411051 - -5?
-14411044
In base 13, what is -616b5 - -44?
-61671
In base 13, what is -3 - -90a4582?
90a457c
In base 10, what is -5 + -2775220?
-2775225
In base 15, what is e + -82d3d2?
-82d3c3
In base 4, what is -1002131002 + 2202?
-1002122200
In base 15, what is -233 - -49984?
49751
In base 8, what is 253573314 + 3?
253573317
In base 5, what is 30311133 + 3211?
30314344
In base 16, what is 2c2 + 62f8?
65ba
In base 11, what is -8 - -85640?
85633
In base 2, what is 10001110 + -1100001110100010?
-1100001100010100
In base 3, what is -10001000102 + 12120221?
-2211102111
In base 3, what is -10120220000021 + -10021?
-10120220010112
In base 15, what is b - 608e12?
-608e06
In base 11, what is 185a93 + 28?
186010
In base 10, what is 409804 - 432?
409372
In base 4, what is 231021123 + 3033?
231030222
In base 10, what is 8 - -79680033?
79680041
In base 5, what is 302130031210 - -4?
302130031214
In base 2, what is 10 - -1010001011110010000111011011?
1010001011110010000111011101
In base 12, what is -34 - -6553?
651b
In base 12, what is 45a2a + -165?
45885
In base 8, what is -16546064 - -226?
-16545636
In base 11, what is 64226 - -34?
6425a
In base 10, what is -116133 + -13?
-116146
In base 4, what is -23321003320 - -111?
-23321003203
In base 14, what is 8bd0747 - 4?
8bd0743
In base 13, what is -20a64 - 88?
-20b1c
In base 6, what is 13112 - -34114?
51230
In base 14, what is -1b676 + -27b?
-1b913
In base 9, what is 21 - -460875?
461006
In base 8, what is -7 + -207234?
-207243
In base 5, what is 1334001102 + -1?
1334001101
In base 7, what is 4015222461 + -4?
4015222454
In base 8, what is 243 + -174026?
-173563
In base 14, what is 4097c - 5bb?
403a1
In base 9, what is 425534 + -13?
425521
In base 5, what is -112 + -3440101233?
-3440101400
In base 16, what is -72263e + 0?
-72263e
In base 6, what is -30524 + 2341?
-24143
In base 16, what is 2 - e64a592?
-e64a590
In base 6, what is 1300310242 + -2?
1300310240
In base 5, what is -3201 - 12212221?
-12220422
In base 15, what is ea + -573652?
-573557
In base 7, what is -24103256 + -16?
-24103305
In base 7, what is -12243512253 - -4?
-12243512246
In base 11, what is 14 - -773011?
773025
In base 2, what is 1100000 + -1111001010111010100?
-1111001010101110100
In base 6, what is 10403510 - -2330?
10410240
In base 14, what is -6c - 86bb7?
-86c45
In base 12, what is 16b42 - 32?
16b10
In base 16, what is 5 - -be0d0dd?
be0d0e2
In base 12, what is -10 + -8924b8?
-892508
In base 14, what is 22d0a - 103?
22c07
In base 3, what is 2010002 + 101221202?
111001211
In base 15, what is -29100 - -177?
-28e78
In base 8, what is 3 - 54235547?
-54235544
In base 3, what is -200020212012212 - 2?
-200020212012221
In base 14, what is 91 - -310604?
310695
In base 13, what is -4 - -897aa63?
897aa5c
In base 12, what is 52023b - 10?
52022b
In base 6, what is -2 - -4242310550?
4242310544
In base 11, what is 120 - -1516?
1636
In base 5, what is -100042 - -11443?
-33044
In base 11, what is 5988 - -322?
61aa
In base 13, what is -b54 + ca0?
149
In base 6, what is -3 - 221124413?
-221124420
In base 14, what is 10776 + 77?
1080d
In base 16, what is -33b0f9 + -2?
-33b0fb
In base 16, what is -26 - -54cdb2?
54cd8c
In base 6, what is 4 + -101453212?
-101453204
In base 10, what is -1 + 6382241?
6382240
In base 13, what is 262ac + 110?
263bc
In base 4, what is 22 - 212032131021?
-212032130333
In base 16, what is -351 - 1a09?
-1d5a
In base 7, what is -22550666 - -352?
-22550314
In base 13, what is -27 + 2496081?
2496057
In base 16, what is -2 - -a86140?
a8613e
In base 10, what is 1 - -100605599?
100605600
In base 13, what is -69bc73 - -3?
-69bc70
In base 14, what is 1533112 - -4?
1533116
In base 10, what is 68 + -1160235?
-1160167
In base 2, what is 100000110001100 + -11001110001111110?
-10101101011110010
In base 14, what is -51 + -31dc9?
-3203a
In base 11, what is -1289a - -25a?
-12640
In base 6, what is 21120 + 504?
22024
In base 16, what is 4dc2ed4 + 1?
4dc2ed5
In base 16, what is 4a960 - -13?
4a973
In base 16, what is -2 + -9a2b3b?
-9a2b3d
In base 8, what is 265662 + 4667?
272551
In base 6, what is 3513 + -3452515?
-3445002
In base 2, what is 1001110101101100100011 + -11000?
1001110101101100001011
In base 9, what is 34 - -4750086?
4750131
In base 14, what is -4a56 - 191?
-4c07
In base 9, what is 1060507 + -70?
1060427
In base 11, what is 65 - -140729a?
1407354
In base 14, what is 8c + -650bd?
-65031
In base 10, what is 455283 - -41?
455324
In base 2, what is 1001001011 + -1001011100?
-10001
In base 10, what is -891 - -81058?
80167
In base 5, what is -20213 - 22141034?
-22211302
In base 12, what is 1831aa - -30?
18321a
In base 7, what is 136 - -1132614?
1133053
In base 4, what is 113323112330 - 30?
113323112300
In base 4, what is -110231033 - -1232?
-110223201
In base 5, what is -423321401 + 102?
-423321244
In base 13, what is -147 - 104a?
-1194
In base 13, what is -263 + -117c4?
-11a57
In base 5, what is -134404143 - 21?
-134404214
In base 15, what is 45 + 2696b8?
26970d
In base 11, what is 30 - -4702962?
4702992
In base 8, what is -144342704 + 4?
-144342700
In base 6, what is 305123 + 145?
305312
In base 5, what is -11113 + -234?
-11402
In base 14, what is 7 + -c6c714?
-c6c70b
In base 9, what is 451 + 71556?
72117
In base 13, what is 66c110 - -1?
66c111
In base 2, what is -1110101000101 + 100101000101?
-1010000000000
In base 7, what is -1026 - 1203461?
-1204520
In base 8, what is -175516442 - 3?
-175516445
In base 13, what is 16 + -334a?
-3334
In base 14, what is -26cd7 - 93?
-